8*r + 1. Let y(q) = 17*m(q) - 6*t(q). Give y(6).
-25
Let q(n) = n**3 - 10*n**2 - 8*n - 13. Suppose 0 = 2*j - 17*g + 13*g - 42, -4*j - g = -39. What is q(j)?
20
Let a(u) = u**3 - 4*u**2 + 2*u - 6. Suppose 0 = 5*g - 3*h - 6, -3*g = -3*h - 7 + 1. Suppose -c + 19 = 5*i, 4*c - 5*i - 2 + 1 = g. Give a(c).
2
Let r(s) = s**3 + s**2 - s + 6. Suppose -3*d - 12 + 6 = 0. Let y be d/(-10) - 14/(-5). Suppose a = -y*a. Determine r(a).
6
Let s(i) = i**3 + 6*i**2 + 6*i - 3. Let q(d) = d + 1. Let t(v) = -4*q(v) + s(v). Let f(k) = -2*k + 4. Let y be f(5). What is t(y)?
-19
Let f(a) = a**3 + 7*a**2 - 15*a + 15. Let y be f(-9). Let d be (-33)/y + (3 - 30/8). Let p(b) = 0*b - 4*b**2 + 2*b + 3*b**2. Determine p(d).
0
Let h(c) = -c**2 - c + 3. Let b(q) = -2*q**2 - 3*q + 17. Let t be b(-4). Give h(t).
-3
Let z(w) = w**3 + 8*w**2 - 8*w + 5. Let t be 1*1*-1 + (32 - 28). Suppose 5*b - 3*s = -7*s - 33, -5*s - t = 2*b. Give z(b).
-4
Let o(i) = i**3 + 5*i**2 + i + 2. Let j be o(-5). Let u(s) be the first derivative of 1/4*s**4 + s**2 + 14 + s**3 + 2*s. Determine u(j).
-4
Let y = -22 + 22. Let x(m) = -9*m**2 + y*m + 10*m**2 + 0*m. What is x(-3)?
9
Suppose -13 = 5*z - 3*t + 7, 2*t - 14 = 4*z. Let s(v) = -2*v - 1. Let j(a) = -a + 1. Let r(y) = z*s(y) + j(y). Determine r(2).
4
Let a be ((-2)/(-3))/((-25)/(-75)). Let d(f) be the second derivative of 1/6*f**3 + 2*f**a + f + 0. Determine d(0).
4
Let v(x) = -x + 4. Let k(n) be the second derivative of -n**4/12 + n**3 - n**2 - 2*n. Let z be k(5). Let f be (-6)/18 + 16/z. What is v(f)?
-1
Let t(a) = -a**2 - a + 19. Let m be (4 - 6)/(-2) - 1. What is t(m)?
19
Let k(x) = 2*x**3 - 2*x**2 + x + 1. Let u(r) = 3*r**3 - 10*r**2 + 6*r + 5. Let w(m) = 5*k(m) - u(m). Give w(-1).
-6
Let g(a) = a**2 + 12*a + 3. Let j(f) = 3*f + 1. Let k(p) = -g(p) + 2*j(p). What is k(-6)?
-1
Let p(o) be the first derivative of -o**5/10 + o**4/12 + o**3/6 + o**2/2 - 3*o - 4. Let s(l) be the first derivative of p(l). Calculate s(2).
-9
Let m(a) = -3*a + 2. Suppose 35 = -5*l - 2*b, -b - b = -5*l - 15. Let i = l + -1. Let j be (2/i)/((-4)/24). Determine m(j).
-4
Let x(u) = -u**2 - 3*u + 11. Let j(k) = -k**3 - 14*k**2 + 55*k + 63. Let p be j(-17). Give x(p).
1
Let i = 568 + -563. Let g(w) = w**3 + 1. Let c(o) = 7*o**3 - 6*o**2 + 4*o + 10. Let k(n) = -c(n) + 6*g(n). Determine k(i).
1
Let r(x) = -x**2 + 20*x - 41. Let d be r(18). Let c(v) = 4*v**3 + 25*v**2 - 24*v. Let y(k) = k**3 + 6*k**2 - 6*k. Let t(o) = -2*c(o) + 9*y(o). Determine t(d).
5
Suppose -p + 46 = 4*m, 5*p - 10 = -0. Let s(j) = -j**2 + 11*j + 9. What is s(m)?
9
Let z(s) = -13*s**3 + 3*s**2 + 32*s - 11. Suppose -4*x + 8 = -0*x. Let n(b) = 3*b**3 - b**2 - 8*b + 3. Let k(v) = x*z(v) + 9*n(v). Determine k(5).
15
Let w(n) = n + 1. Let p(z) = -5*z + 5. Let m(g) = p(g) + 4*w(g). Give m(-6).
15
Let k(u) = -7*u**3 + 14*u**2 - 12*u - 3. Let b(g) = -3*g**3 + 7*g**2 - 6*g - 2. Let t(h) = -5*b(h) + 2*k(h). What is t(6)?
4
Let r(g) = -2*g - 10 - 35 - 2*g - 7*g + 13*g. Give r(21).
-3
Let c be (-2)/7 + 4/14. Suppose c = -3*o - 14 + 5. Let p(i) be the first derivative of -i**4/4 - 4*i**3/3 - i**2/2 - 2*i + 1. Calculate p(o).
-8
Let c(q) = -q**3 + 29*q**2 - 26*q - 52. Let u be c(28). Let r(z) = z - 2. Let m be r(3). Let t(x) = 1 - 3*x - m + 1 + 0. Determine t(u).
-11
Let d(u) = 3*u**2 + 2*u + 6. Let f(i) = -8*i**2 - 7*i - 18. Let h(l) = -11*d(l) - 4*f(l). Let t = -2 + 93. Let x be (t/(-13))/(-1 - 0). Determine h(x).
-1
Let b be 14/(-28) + ((-111)/2 - -1). Let t = 60 + b. Let i(h) = -h**2 + 4*h + 1. Calculate i(t).
-4
Let p(j) = j - 11. Let k = -114 - -99. Let x be (-72)/(-20)*k/(-6). Determine p(x).
-2
Let t(m) = 2*m + 3. Let h(l) = 2*l + 2. Suppose g - 3*g + 8 = 0. Suppose -g*i - 13 = 11. Let s(x) = i*h(x) + 7*t(x). What is s(-6)?
-3
Suppose -5*d + 8 = v, v + 1 = -2*d + 6. Let i(s) = 2*s**2 + 12 + 10 - 5*s - 19. Calculate i(v).
6
Suppose 5*l = -0*l + 30. Let n be 1/1*(-1 - -8). Let k(f) = -3*f**2 + f**3 - 2*f**2 - 8 + n*f - 2*f**2. Calculate k(l).
-2
Let w(r) be the second derivative of -r**5/20 - r**4/2 - 5*r**3/6 + r**2/2 - 9*r + 1. Let l(n) = -n - 1. Suppose -4*t - 4 = -5*t. Let g be l(t). What is w(g)?
1
Suppose 11 = 3*z + 2. Suppose 4*l = -4*m - 7 - 1, -l - 11 = 4*m. Let d(t) = l - t**2 - 2 + z. Give d(-2).
-2
Let b(m) = 22*m + 58. Let y be b(-3). Let w(v) = v**2 + 7*v - 5. Calculate w(y).
3
Let q(c) = 1 + 2*c + 0*c**2 + 2*c + c**2. Suppose 3*y - 4 = 2*y. Suppose -h - y*h - 15 = 0. What is q(h)?
-2
Let a = 182 - 193. Let l(p) = -p**3 - 10*p**2 + 11*p - 13. Give l(a).
-13
Let a(y) = 2*y + 5. Let x be (-32)/(-14) - 12/42. Suppose 1 = -x*v + 5. Suppose -n - 2 - v = 0. Give a(n).
-3
Let p(m) = m. Let z(c) = c - 63 + 3*c + 60. Let u(j) = 5*p(j) - z(j). What is u(-7)?
-4
Let t(f) = -f**2 + 2*f + 2. Let a be -13 + 6 - (-4 + 0). Calculate t(a).
-13
Let o be ((-9)/(-12))/(1/(-4)). Let u be 6/(-3) - (-2 + -3). Let h(d) = -d**2 - 3 - d**u - 3*d**2 - 3*d**2 - 3*d + 3*d**2. Give h(o).
-3
Let v(h) = h + 17. Suppose 2*l - 2 + 3 = k, 2*k + 3 = 3*l. Let w be v(k). Let p be (10/w)/((-4)/(-16)). Let g(d) = d + 1. Calculate g(p).
6
Let i(u) be the first derivative of u**3/3 - 5*u**2/2 - 4*u + 106. What is i(5)?
-4
Let f(w) = -w + 2. Let h(z) = 13*z - 13*z**2 + 16*z**3 - 8 - 10*z**3 - 5*z**3. Let k be h(12). What is f(k)?
-2
Suppose -5*g + 0 + 10 = 0. Let b(o) = -o - 9*o**2 - 4*o**3 + 6*o**2 + 4*o**2 + o**3 + 5*o**3. Give b(g).
18
Let x be ((-140)/105)/((-4)/(-18)). Let r(n) = -n**3 - 5*n**2 + 8*n + 13. Give r(x).
1
Let y(v) = -v**3 + 10*v**2 - 12*v + 1. Suppose 0 = -14*b - 25*b + 351. Calculate y(b).
-26
Suppose 14 = 2*k - 2*x, -x + 1 = 2*k - 10. Let p(i) = -10*i**2 + 8*i + 16. Let d(y) = 7*y**2 - 5*y - 11. Let t(v) = 7*d(v) + 5*p(v). Determine t(k).
-3
Let y(q) be the second derivative of -q**5/20 - 5*q**4/12 + 4*q**3/3 - 3*q**2/2 - 27*q + 1. Determine y(-6).
-15
Let u(q) = -4*q**3 - 3*q**3 - 9*q**3 + 1 + 13*q**3. Calculate u(-1).
4
Let k(t) = -4*t + 8. Let f be k(2). Let l(b) be the second derivative of f - 4*b**2 - 6*b + 1/12*b**4 - b**3. Give l(6).
-8
Let n(a) = a**2 - 7*a - 4. Suppose -11*c + 5*c + 168 = 0. Let i be 30/(-20)*c/(-6). What is n(i)?
-4
Let i(h) = -h**2 - 5*h + 7. Let r be ((-70)/28)/((-2)/(-4)). Determine i(r).
7
Let f(k) = k**2 - 5*k - 4. Let q = 33 + -38. Let w = q + 11. Determine f(w).
2
Let k(m) = m**3 + 13*m**2 - 15*m - 9. Let h be k(-14). Let y be ((-3)/h)/((-2)/(-10)). Let x(n) = n**2 + 2*n - 3. Determine x(y).
0
Let a(f) = f - 5. Suppose -3*w + 19 = -0*m + m, -m - 23 = -4*w. Let o be w/((-15)/(-4) - 3). Determine a(o).
3
Let d(n) be the third derivative of -4*n**5/15 - n**3/6 + n**2 + 8*n. Let z be -2*(2 + (-6)/4). Determine d(z).
-17
Let q(f) = -51 - f - 48 + 94. Let w be q(-7). Let y(h) = 3*h - 4*h + 3*h**w + 4 - 4*h - 2*h**2. What is y(3)?
-2
Let k = -31 + 40. Let n(m) = 35 + 37 - 70 - k*m - m**2. What is n(-9)?
2
Suppose -2*d - 21 = -3. Let w(g) = -4*g - 12. Let l(o) = o + 1. Let p(r) = -3*l(r) - w(r). Give p(d).
0
Let g(x) = -91 - 88 - 84 - 4*x - 80 - x**2 + 363. Determine g(-7).
-1
Let k(s) be the first derivative of -s**6/20 + s**5/30 + s**4/12 + s**3/6 + 47*s**2/2 - 6. Let g(b) be the second derivative of k(b). Determine g(-1).
7
Let c(t) be the first derivative of t**4/6 + 5*t**3/6 - 3*t**2/2 + 10*t + 14. Let v(k) be the first derivative of c(k). What is v(-4)?
9
Let g(v) = 9*v**2 - 14*v - 7. Let h(y) = 5*y**2 - 7*y - 3. Let c(a) = 3*g(a) - 5*h(a). Let f(m) be the first derivative of c(m). Give f(5).
13
Let p(h) = -h + 1. Let t = -202 + 205. What is p(t)?
-2
Let p be ((-42)/(-4))/(-1)*8/12. Let w(m) = -m**3 - 6*m**2 + 4*m + 10. What is w(p)?
31
Let k be ((2 - -1) + -2)*4. Let t(d) = 4*d + 3 - k + d. Let l be (-1)/(6 - (-28)/(-4)). What is t(l)?
4
Let g(z) = z**2 + z - 1. Let n(t) = t**3 + 9*t**2 + 4*t - 7. Let r(c) = 6*g(c) - n(c). Calculate r(-2).
-7
Let q(f) be the third derivative of -f**5/30 - f**4/8 - f**3/3 - f**2. Let y(o) = -o - 5. Let w be y(-2). What is q(w)?
-11
Let n(w) = -w**2 + 3. Let k be (-72)/48 + (-9)/(-2). Calculate n(k).
-6
Suppose 6*o - 3*o - 21 = 0. Suppose o*h = 20 - 48. Let z(v) = v**3 + 4*v**2 - 4*v - 6. What is z(h)?
10
Let q(a) = 1 + 17*a + 20*a + 2 + 15*a - 48*a. Suppose -11 = 4*u - 3*i, 1 = 2*i - i. Determine q(u).
-5
Let n(o) = 12*o - 7. Let u(a) = -11*a + 7. Let l(q)